{"id":31465,"date":"2024-08-26T15:04:50","date_gmt":"2024-08-26T15:04:50","guid":{"rendered":"https:\/\/cead.ualg.pt\/site\/?page_id=31465"},"modified":"2024-08-26T15:12:50","modified_gmt":"2024-08-26T15:12:50","slug":"projeto-sea-eu-2-0","status":"publish","type":"page","link":"https:\/\/cead.ualg.pt\/site\/projeto-sea-eu-2-0\/","title":{"rendered":"Projeto SEA-EU 2.0"},"content":{"rendered":"\t\t<div data-elementor-type=\"wp-page\" data-elementor-id=\"31465\" class=\"elementor elementor-31465\" data-elementor-post-type=\"page\">\n\t\t\t\t\t\t<section class=\"elementor-section elementor-top-section elementor-element elementor-element-02f4cfb elementor-section-content-top elementor-reverse-mobile elementor-section-boxed elementor-section-height-default elementor-section-height-default neuron-fixed-no\" data-id=\"02f4cfb\" data-element_type=\"section\" data-e-type=\"section\">\n\t\t\t\t\t\t<div class=\"elementor-container elementor-column-gap-no\">\n\t\t\t\t\t<div class=\"elementor-column elementor-col-100 elementor-top-column elementor-element elementor-element-d2330de\" data-id=\"d2330de\" data-element_type=\"column\" data-e-type=\"column\">\n\t\t\t<div class=\"elementor-widget-wrap elementor-element-populated\">\n\t\t\t\t\t\t<div class=\"elementor-element elementor-element-54e7f77 elementor-widget elementor-widget-text-editor\" data-id=\"54e7f77\" data-element_type=\"widget\" data-e-type=\"widget\" data-widget_type=\"text-editor.default\">\n\t\t\t\t<div class=\"elementor-widget-container\">\n\t\t\t\t\t\t\t\t\t<p><span style=\"color: #000000;\"><strong><span style=\"color: #800080;\">Acr\u00f3nimo <\/span><\/strong>SEA-EU 2.0<\/span><br \/><span style=\"color: #000000;\"><strong><span style=\"color: #800080;\">Designa\u00e7\u00e3o do projeto<\/span><\/strong> European University of the Seas<\/span><br \/><span style=\"color: #000000;\"><strong><span style=\"color: #800080;\">Refer\u00eancia<\/span> <\/strong>ERASMUS-EDU-2022-EUR-UNIV-1<\/span><br \/><span style=\"color: #000000;\"><strong><span style=\"color: #800080;\">Financiador<\/span><\/strong> Erasmus &#8211; European Universities Programme<\/span><br \/><span style=\"color: #000000;\"><strong><span style=\"color: #800080;\">Data de in\u00edcio<\/span><\/strong> 16\/01\/2023<\/span><br \/><span style=\"color: #000000;\"><strong><span style=\"color: #800080;\">Data de conclus\u00e3o<\/span><\/strong> 15\/01\/2027<\/span><br \/><span style=\"color: #000000;\"><span style=\"color: #800080;\"><strong>Custo total eleg\u00edvel<\/strong><\/span> \u00a0<\/span><br \/><span style=\"color: #000000;\"><span style=\"color: #800080;\"><strong>Entidade Proponente<\/strong><\/span> Universidade de C\u00e1diz (Espanha)<\/span><br \/><span style=\"color: #000000;\"><strong><span style=\"color: #800080;\">Entidades Parceiras<\/span><\/strong> Universidade de C\u00e1diz (Espanha), University of Bretagne Ocidentale (Fran\u00e7a), Kiel University (Alemanha), University of Gdansk (Pol\u00f3nia), University of Split (Cro\u00e1cia), University of Malta (Malta), University of Naples Partenhope (It\u00e1lia), Universidade do Algarve (Portugal), Nord University (Noruega). O cons\u00f3rcio inclui ainda 75 parceiros associados de diversas naturezas.<\/span><\/p><p><span style=\"color: #000000;\">\u00a0<\/span><\/p><p><strong><span style=\"color: #000000;\"><span style=\"color: #800080;\">Resumo<\/span><\/span><\/strong><\/p><p><strong><span style=\"color: #000000;\">A Alian\u00e7a SEA-EU pretende criar uma rela\u00e7\u00e3o de cocria\u00e7\u00e3o entre universidades, impulsionada por pessoas amigas do ambiente e baseada no avan\u00e7o do conhecimento para todos. A Alian\u00e7a destaca-se como pioneira na Iniciativa das Universidades Europeias e est\u00e1 empenhada em alcan\u00e7ar objetivos ambiciosos, como obter o Selo Europeu de Grau para programas colaborativos, estabelecer estatuto legal e atingir a meta de um aumento de 50% em mobilidades acad\u00e9micas. O projeto SEA-EU 2.0 tem como objetivo geral consolidar a agrega\u00e7\u00e3o estrat\u00e9gica das Institui\u00e7\u00f5es de Ensino Superior que o comp\u00f5em, construindo uma verdadeira Universidade Europeia, atrav\u00e9s da cria\u00e7\u00e3o de um multicampus universit\u00e1rio, reconhecido legalmente. O objetivo mais ambicioso da Alian\u00e7a SEA-EU \u00e9 intensificar as mobilidades f\u00edsicas, virtuais ou h\u00edbridas, a fim de permitir que docentes, investigadores, estudantes e pessoal n\u00e3o docente realizem parte de seu percurso acad\u00e9mico, atividades de forma\u00e7\u00e3o e networking, incluindo est\u00e1gios e Programas Intensivos H\u00edbridos (BIP), nas nove universidades europeias ou parceiros associados, centros de investiga\u00e7\u00e3o, empresas e institui\u00e7\u00f5es p\u00fablicas.<br \/><\/span><\/strong><\/p>\t\t\t\t\t\t\t\t<\/div>\n\t\t\t\t<\/div>\n\t\t\t\t\t<\/div>\n\t\t<\/div>\n\t\t\t\t\t<\/div>\n\t\t<\/section>\n\t\t\t\t<section class=\"elementor-section elementor-top-section elementor-element elementor-element-9e91fc8 elementor-section-boxed elementor-section-height-default elementor-section-height-default neuron-fixed-no\" data-id=\"9e91fc8\" data-element_type=\"section\" data-e-type=\"section\">\n\t\t\t\t\t\t<div class=\"elementor-container elementor-column-gap-default\">\n\t\t\t\t\t<div class=\"elementor-column elementor-col-100 elementor-top-column elementor-element elementor-element-8770278\" data-id=\"8770278\" data-element_type=\"column\" data-e-type=\"column\">\n\t\t\t<div class=\"elementor-widget-wrap\">\n\t\t\t\t\t\t\t<\/div>\n\t\t<\/div>\n\t\t\t\t\t<\/div>\n\t\t<\/section>\n\t\t\t\t<\/div>\n\t\t","protected":false},"excerpt":{"rendered":"<p>Acr\u00f3nimo SEA-EU 2.0Designa\u00e7\u00e3o do projeto European University of the SeasRefer\u00eancia ERASMUS-EDU-2022-EUR-UNIV-1Financiador Erasmus &#8211; European Universities ProgrammeData de in\u00edcio&#8230;<\/p>\n","protected":false},"author":2,"featured_media":0,"parent":0,"menu_order":0,"comment_status":"closed","ping_status":"closed","template":"","meta":{"_acf_changed":false,"footnotes":""},"class_list":["post-31465","page","type-page","status-publish","hentry"],"acf":[],"_links":{"self":[{"href":"https:\/\/cead.ualg.pt\/site\/wp-json\/wp\/v2\/pages\/31465","targetHints":{"allow":["GET"]}}],"collection":[{"href":"https:\/\/cead.ualg.pt\/site\/wp-json\/wp\/v2\/pages"}],"about":[{"href":"https:\/\/cead.ualg.pt\/site\/wp-json\/wp\/v2\/types\/page"}],"author":[{"embeddable":true,"href":"https:\/\/cead.ualg.pt\/site\/wp-json\/wp\/v2\/users\/2"}],"replies":[{"embeddable":true,"href":"https:\/\/cead.ualg.pt\/site\/wp-json\/wp\/v2\/comments?post=31465"}],"version-history":[{"count":4,"href":"https:\/\/cead.ualg.pt\/site\/wp-json\/wp\/v2\/pages\/31465\/revisions"}],"predecessor-version":[{"id":31469,"href":"https:\/\/cead.ualg.pt\/site\/wp-json\/wp\/v2\/pages\/31465\/revisions\/31469"}],"wp:attachment":[{"href":"https:\/\/cead.ualg.pt\/site\/wp-json\/wp\/v2\/media?parent=31465"}],"curies":[{"name":"wp","href":"https:\/\/api.w.org\/{rel}","templated":true}]}}