{"id":30903,"date":"2021-11-08T13:25:09","date_gmt":"2021-11-08T13:25:09","guid":{"rendered":"https:\/\/cead.ualg.pt\/site\/?page_id=30903"},"modified":"2021-11-08T13:26:40","modified_gmt":"2021-11-08T13:26:40","slug":"projeto-val-idade","status":"publish","type":"page","link":"https:\/\/cead.ualg.pt\/site\/projeto-val-idade\/","title":{"rendered":"Projeto VAL-IDADE"},"content":{"rendered":"\t\t<div data-elementor-type=\"wp-page\" data-elementor-id=\"30903\" class=\"elementor elementor-30903\" data-elementor-post-type=\"page\">\n\t\t\t\t\t\t<section class=\"elementor-section elementor-top-section elementor-element elementor-element-02f4cfb elementor-section-content-top elementor-reverse-mobile elementor-section-boxed elementor-section-height-default elementor-section-height-default neuron-fixed-no\" data-id=\"02f4cfb\" data-element_type=\"section\" data-e-type=\"section\">\n\t\t\t\t\t\t<div class=\"elementor-container elementor-column-gap-no\">\n\t\t\t\t\t<div class=\"elementor-column elementor-col-100 elementor-top-column elementor-element elementor-element-d2330de\" data-id=\"d2330de\" data-element_type=\"column\" data-e-type=\"column\">\n\t\t\t<div class=\"elementor-widget-wrap elementor-element-populated\">\n\t\t\t\t\t\t<div class=\"elementor-element elementor-element-54e7f77 elementor-widget elementor-widget-text-editor\" data-id=\"54e7f77\" data-element_type=\"widget\" data-e-type=\"widget\" data-widget_type=\"text-editor.default\">\n\t\t\t\t<div class=\"elementor-widget-container\">\n\t\t\t\t\t\t\t\t\t<p><strong><span style=\"color: #800080;\">Acr\u00f3nimo <\/span><\/strong><span style=\"color: #000000;\">VAL-IDADE<br \/><\/span><strong><span style=\"color: #800080;\">Designa\u00e7\u00e3o do projeto<\/span> <\/strong><span style=\"color: #000000;\">Valida\u00e7\u00e3o e aplica\u00e7\u00e3o explorat\u00f3ria da Workplace Age Discrimination Scale<br \/><\/span><strong><span style=\"color: #800080;\">Refer\u00eancia <\/span><\/strong><span style=\"color: #000000;\">Edital n\u00ba041\/2021<\/span><span style=\"color: #000000;\"><br \/><\/span><span style=\"color: #800080;\"><strong>Financiador<\/strong> <\/span><span style=\"color: #000000;\">Unidade de I&amp;D UIDB\/05739\/2020 CEAD BASE &#8211; Centro de Investiga\u00e7\u00e3o em Educa\u00e7\u00e3o de Adultos e Interven\u00e7\u00e3o Comunit\u00e1ria (CEAD), financiado pela Funda\u00e7\u00e3o para a Ci\u00eancia e a Tecnologia \u2013 FCT<br \/><\/span><strong><span style=\"color: #800080;\">Data de in\u00edcio<\/span><\/strong> <span style=\"color: #000000;\">15\/09\/2021<\/span><br \/><strong><span style=\"color: #800080;\">Data de conclus\u00e3o<\/span> <\/strong><span style=\"color: #000000;\">14\/09\/2022<\/span><br \/><span style=\"color: #800080;\"><strong>Custo total eleg\u00edvel<\/strong> <\/span><span style=\"color: #000000;\">11 559,52\u20ac<\/span><br \/><strong><span style=\"color: #800080;\">Investigador Respons\u00e1vel (IR) <\/span><\/strong><span style=\"color: #000000;\">Ant\u00f3nio Fragoso<\/span><\/p><p><strong><span style=\"color: #800080;\">Co-investigadora Respons\u00e1vel (Co-IR) <\/span><\/strong><span style=\"color: #000000;\">Sandra T. Valadas<\/span><\/p><p>\u00a0<\/p><p><strong><span style=\"color: #800080;\">Resumo<\/span> <\/strong><\/p><p><span style=\"color: #000000;\"><strong>Este projeto explorat\u00f3rio pretende dar um primeiro passo na investiga\u00e7\u00e3o sobre o idadismo em Portugal, come\u00e7ando pela sua an\u00e1lise em contexto de trabalho. Precisamos, no entanto, de instrumentos quantitativos que nos elucidem sobre a dimens\u00e3o do fen\u00f3meno. Neste projeto iremos validar a Workplace Age Discrimination Scale \u2013 WADS (Marchiondo et al, 2016) para a popula\u00e7\u00e3o portuguesa e conduzir um estudo de caso explorat\u00f3rio que nos permita conhecer as perce\u00e7\u00f5es de trabalhadores do terceiro setor, p\u00fablico e privado sobre a discrimina\u00e7\u00e3o no local de trabalho.<\/strong><\/span><\/p>\t\t\t\t\t\t\t\t<\/div>\n\t\t\t\t<\/div>\n\t\t\t\t\t<\/div>\n\t\t<\/div>\n\t\t\t\t\t<\/div>\n\t\t<\/section>\n\t\t\t\t<\/div>\n\t\t","protected":false},"excerpt":{"rendered":"<p>Acr\u00f3nimo VAL-IDADEDesigna\u00e7\u00e3o do projeto Valida\u00e7\u00e3o e aplica\u00e7\u00e3o explorat\u00f3ria da Workplace Age Discrimination ScaleRefer\u00eancia Edital n\u00ba041\/2021Financiador Unidade de I&amp;D&#8230;<\/p>\n","protected":false},"author":2,"featured_media":0,"parent":0,"menu_order":0,"comment_status":"closed","ping_status":"closed","template":"","meta":{"_acf_changed":false,"footnotes":""},"class_list":["post-30903","page","type-page","status-publish","hentry"],"acf":[],"_links":{"self":[{"href":"https:\/\/cead.ualg.pt\/site\/wp-json\/wp\/v2\/pages\/30903","targetHints":{"allow":["GET"]}}],"collection":[{"href":"https:\/\/cead.ualg.pt\/site\/wp-json\/wp\/v2\/pages"}],"about":[{"href":"https:\/\/cead.ualg.pt\/site\/wp-json\/wp\/v2\/types\/page"}],"author":[{"embeddable":true,"href":"https:\/\/cead.ualg.pt\/site\/wp-json\/wp\/v2\/users\/2"}],"replies":[{"embeddable":true,"href":"https:\/\/cead.ualg.pt\/site\/wp-json\/wp\/v2\/comments?post=30903"}],"version-history":[{"count":2,"href":"https:\/\/cead.ualg.pt\/site\/wp-json\/wp\/v2\/pages\/30903\/revisions"}],"predecessor-version":[{"id":30905,"href":"https:\/\/cead.ualg.pt\/site\/wp-json\/wp\/v2\/pages\/30903\/revisions\/30905"}],"wp:attachment":[{"href":"https:\/\/cead.ualg.pt\/site\/wp-json\/wp\/v2\/media?parent=30903"}],"curies":[{"name":"wp","href":"https:\/\/api.w.org\/{rel}","templated":true}]}}

<div data-elementor-type="wp-page" data-elementor-id="30903" class="elementor elementor-30903" data-elementor-post-type="page">
						<section class="elementor-section elementor-top-section elementor-element elementor-element-02f4cfb elementor-section-content-top elementor-reverse-mobile elementor-section-boxed elementor-section-height-default elementor-section-height-default neuron-fixed-no" data-id="02f4cfb" data-element_type="section" data-e-type="section">
						<div class="elementor-container elementor-column-gap-no">
					<div class="elementor-column elementor-col-100 elementor-top-column elementor-element elementor-element-d2330de" data-id="d2330de" data-element_type="column" data-e-type="column">
			<div class="elementor-widget-wrap elementor-element-populated">
						<div class="elementor-element elementor-element-54e7f77 elementor-widget elementor-widget-text-editor" data-id="54e7f77" data-element_type="widget" data-e-type="widget" data-widget_type="text-editor.default">
				<div class="elementor-widget-container">
									<p><strong><span style="color: #800080;">Acrónimo </span></strong><span style="color: #000000;">VAL-IDADE<br /></span><strong><span style="color: #800080;">Designação do projeto</span> </strong><span style="color: #000000;">Validação e aplicação exploratória da Workplace Age Discrimination Scale<br /></span><strong><span style="color: #800080;">Referência </span></strong><span style="color: #000000;">Edital nº041/2021</span><span style="color: #000000;"><br /></span><span style="color: #800080;"><strong>Financiador</strong> </span><span style="color: #000000;">Unidade de I&amp;D UIDB/05739/2020 CEAD BASE &#8211; Centro de Investigação em Educação de Adultos e Intervenção Comunitária (CEAD), financiado pela Fundação para a Ciência e a Tecnologia – FCT<br /></span><strong><span style="color: #800080;">Data de início</span></strong> <span style="color: #000000;">15/09/2021</span><br /><strong><span style="color: #800080;">Data de conclusão</span> </strong><span style="color: #000000;">14/09/2022</span><br /><span style="color: #800080;"><strong>Custo total elegível</strong> </span><span style="color: #000000;">11 559,52€</span><br /><strong><span style="color: #800080;">Investigador Responsável (IR) </span></strong><span style="color: #000000;">António Fragoso</span></p><p><strong><span style="color: #800080;">Co-investigadora Responsável (Co-IR) </span></strong><span style="color: #000000;">Sandra T. Valadas</span></p><p> </p><p><strong><span style="color: #800080;">Resumo</span> </strong></p><p><span style="color: #000000;"><strong>Este projeto exploratório pretende dar um primeiro passo na investigação sobre o idadismo em Portugal, começando pela sua análise em contexto de trabalho. Precisamos, no entanto, de instrumentos quantitativos que nos elucidem sobre a dimensão do fenómeno. Neste projeto iremos validar a Workplace Age Discrimination Scale – WADS (Marchiondo et al, 2016) para a população portuguesa e conduzir um estudo de caso exploratório que nos permita conhecer as perceções de trabalhadores do terceiro setor, público e privado sobre a discriminação no local de trabalho.</strong></span></p>								</div>
				</div>
					</div>
		</div>
					</div>
		</section>
				</div>

<p>Acrónimo VAL-IDADEDesignação do projeto Validação e aplicação exploratória da Workplace Age Discrimination ScaleReferência Edital nº041/2021Financiador Unidade de I&amp;D&#8230;</p>
