{"id":30895,"date":"2021-11-08T13:12:54","date_gmt":"2021-11-08T13:12:54","guid":{"rendered":"https:\/\/cead.ualg.pt\/site\/?page_id=30895"},"modified":"2021-11-08T13:16:52","modified_gmt":"2021-11-08T13:16:52","slug":"projeto-hold-on","status":"publish","type":"page","link":"https:\/\/cead.ualg.pt\/site\/projeto-hold-on\/","title":{"rendered":"Projeto (H)OLD ON"},"content":{"rendered":"\t\t<div data-elementor-type=\"wp-page\" data-elementor-id=\"30895\" class=\"elementor elementor-30895\" data-elementor-post-type=\"page\">\n\t\t\t\t\t\t<section class=\"elementor-section elementor-top-section elementor-element elementor-element-02f4cfb elementor-section-content-top elementor-reverse-mobile elementor-section-boxed elementor-section-height-default elementor-section-height-default neuron-fixed-no\" data-id=\"02f4cfb\" data-element_type=\"section\" data-e-type=\"section\">\n\t\t\t\t\t\t<div class=\"elementor-container elementor-column-gap-no\">\n\t\t\t\t\t<div class=\"elementor-column elementor-col-100 elementor-top-column elementor-element elementor-element-d2330de\" data-id=\"d2330de\" data-element_type=\"column\" data-e-type=\"column\">\n\t\t\t<div class=\"elementor-widget-wrap elementor-element-populated\">\n\t\t\t\t\t\t<div class=\"elementor-element elementor-element-54e7f77 elementor-widget elementor-widget-text-editor\" data-id=\"54e7f77\" data-element_type=\"widget\" data-e-type=\"widget\" data-widget_type=\"text-editor.default\">\n\t\t\t\t<div class=\"elementor-widget-container\">\n\t\t\t\t\t\t\t\t\t<p><strong><span style=\"color: #800080;\">Acr\u00f3nimo <\/span><\/strong><span style=\"color: #000000;\">(H)OLD ON<br \/><\/span><strong><span style=\"color: #800080;\">Designa\u00e7\u00e3o do projeto<\/span> <\/strong><span style=\"color: #000000;\">Participa\u00e7\u00e3o c\u00edvica de pessoas mais velhas nas Universidades Seniores e na comunidade local<br \/><\/span><strong><span style=\"color: #800080;\">Refer\u00eancia <\/span><\/strong><span style=\"color: #000000;\">Edital n\u00ba042\/2021<\/span><span style=\"color: #000000;\"><br \/><\/span><span style=\"color: #800080;\"><strong>Financiador<\/strong> <\/span><span style=\"color: #000000;\">Unidade de I&amp;D UIDB\/05739\/2020 CEAD BASE &#8211; Centro de Investiga\u00e7\u00e3o em Educa\u00e7\u00e3o de Adultos e Interven\u00e7\u00e3o Comunit\u00e1ria (CEAD), financiado pela Funda\u00e7\u00e3o para a Ci\u00eancia e a Tecnologia \u2013 FCT<br \/><\/span><strong><span style=\"color: #800080;\">Data de in\u00edcio<\/span><\/strong> <span style=\"color: #000000;\">15\/09\/2021<\/span><br \/><strong><span style=\"color: #800080;\">Data de conclus\u00e3o<\/span> <\/strong><span style=\"color: #000000;\">14\/09\/2022<\/span><br \/><span style=\"color: #800080;\"><strong>Custo total eleg\u00edvel<\/strong> <\/span><span style=\"color: #000000;\">11 559,52\u20ac<\/span><br \/><strong><span style=\"color: #800080;\">Investigadora Respons\u00e1vel (IR) <\/span><\/strong><span style=\"color: #000000;\">Gra\u00e7a Santos<\/span><\/p><p><strong><span style=\"color: #800080;\">Co-investigadora Respons\u00e1vel (Co-IR) <\/span><\/strong><span style=\"color: #000000;\">Sofia Bergano<\/span><\/p><p>\u00a0<\/p><p><strong><span style=\"color: #800080;\">Resumo<\/span> <\/strong><\/p><p><span style=\"color: #000000;\"><strong>O projeto incide sobre a participa\u00e7\u00e3o c\u00edvica de pessoas mais velhas nas atividades das Universidades Seniores (US) da regi\u00e3o de Tr\u00e1s-os-Montes e privilegia um modelo de investiga\u00e7\u00e3o-a\u00e7\u00e3o participativa. Pretende-se dinamizar pr\u00e1ticas de educa\u00e7\u00e3o participativa, que envolvam quem aprende nos processos de tomada de decis\u00e3o sobre o que aprendem e que capacitem os adultos mais velhos para se afirmarem como agentes de educa\u00e7\u00e3o e participa\u00e7\u00e3o c\u00edvica, com impacto nas suas comunidades. Destacam-se os seguintes objetivos: i) conhecer as motiva\u00e7\u00f5es dos participantes relativamente \u00e0 participa\u00e7\u00e3o c\u00edvica ao longo da vida e atualmente; ii) identificar \u00e1reas de interven\u00e7\u00e3o para a participa\u00e7\u00e3o c\u00edvica, com base nos interesses e necessidades dos participantes e da comunidade; iii) intervir no contexto local, a partir da integra\u00e7\u00e3o ativa das pessoas mais velhas na conce\u00e7\u00e3o e dinamiza\u00e7\u00e3o de projetos pr\u00f3prios.<\/strong><\/span><\/p>\t\t\t\t\t\t\t\t<\/div>\n\t\t\t\t<\/div>\n\t\t\t\t\t<\/div>\n\t\t<\/div>\n\t\t\t\t\t<\/div>\n\t\t<\/section>\n\t\t\t\t<\/div>\n\t\t","protected":false},"excerpt":{"rendered":"<p>Acr\u00f3nimo (H)OLD ONDesigna\u00e7\u00e3o do projeto Participa\u00e7\u00e3o c\u00edvica de pessoas mais velhas nas Universidades Seniores e na comunidade localRefer\u00eancia&#8230;<\/p>\n","protected":false},"author":2,"featured_media":0,"parent":0,"menu_order":0,"comment_status":"closed","ping_status":"closed","template":"","meta":{"_acf_changed":false,"footnotes":""},"class_list":["post-30895","page","type-page","status-publish","hentry"],"acf":[],"_links":{"self":[{"href":"https:\/\/cead.ualg.pt\/site\/wp-json\/wp\/v2\/pages\/30895","targetHints":{"allow":["GET"]}}],"collection":[{"href":"https:\/\/cead.ualg.pt\/site\/wp-json\/wp\/v2\/pages"}],"about":[{"href":"https:\/\/cead.ualg.pt\/site\/wp-json\/wp\/v2\/types\/page"}],"author":[{"embeddable":true,"href":"https:\/\/cead.ualg.pt\/site\/wp-json\/wp\/v2\/users\/2"}],"replies":[{"embeddable":true,"href":"https:\/\/cead.ualg.pt\/site\/wp-json\/wp\/v2\/comments?post=30895"}],"version-history":[{"count":2,"href":"https:\/\/cead.ualg.pt\/site\/wp-json\/wp\/v2\/pages\/30895\/revisions"}],"predecessor-version":[{"id":30897,"href":"https:\/\/cead.ualg.pt\/site\/wp-json\/wp\/v2\/pages\/30895\/revisions\/30897"}],"wp:attachment":[{"href":"https:\/\/cead.ualg.pt\/site\/wp-json\/wp\/v2\/media?parent=30895"}],"curies":[{"name":"wp","href":"https:\/\/api.w.org\/{rel}","templated":true}]}}

<div data-elementor-type="wp-page" data-elementor-id="30895" class="elementor elementor-30895" data-elementor-post-type="page">
						<section class="elementor-section elementor-top-section elementor-element elementor-element-02f4cfb elementor-section-content-top elementor-reverse-mobile elementor-section-boxed elementor-section-height-default elementor-section-height-default neuron-fixed-no" data-id="02f4cfb" data-element_type="section" data-e-type="section">
						<div class="elementor-container elementor-column-gap-no">
					<div class="elementor-column elementor-col-100 elementor-top-column elementor-element elementor-element-d2330de" data-id="d2330de" data-element_type="column" data-e-type="column">
			<div class="elementor-widget-wrap elementor-element-populated">
						<div class="elementor-element elementor-element-54e7f77 elementor-widget elementor-widget-text-editor" data-id="54e7f77" data-element_type="widget" data-e-type="widget" data-widget_type="text-editor.default">
				<div class="elementor-widget-container">
									<p><strong><span style="color: #800080;">Acrónimo </span></strong><span style="color: #000000;">(H)OLD ON<br /></span><strong><span style="color: #800080;">Designação do projeto</span> </strong><span style="color: #000000;">Participação cívica de pessoas mais velhas nas Universidades Seniores e na comunidade local<br /></span><strong><span style="color: #800080;">Referência </span></strong><span style="color: #000000;">Edital nº042/2021</span><span style="color: #000000;"><br /></span><span style="color: #800080;"><strong>Financiador</strong> </span><span style="color: #000000;">Unidade de I&amp;D UIDB/05739/2020 CEAD BASE &#8211; Centro de Investigação em Educação de Adultos e Intervenção Comunitária (CEAD), financiado pela Fundação para a Ciência e a Tecnologia – FCT<br /></span><strong><span style="color: #800080;">Data de início</span></strong> <span style="color: #000000;">15/09/2021</span><br /><strong><span style="color: #800080;">Data de conclusão</span> </strong><span style="color: #000000;">14/09/2022</span><br /><span style="color: #800080;"><strong>Custo total elegível</strong> </span><span style="color: #000000;">11 559,52€</span><br /><strong><span style="color: #800080;">Investigadora Responsável (IR) </span></strong><span style="color: #000000;">Graça Santos</span></p><p><strong><span style="color: #800080;">Co-investigadora Responsável (Co-IR) </span></strong><span style="color: #000000;">Sofia Bergano</span></p><p> </p><p><strong><span style="color: #800080;">Resumo</span> </strong></p><p><span style="color: #000000;"><strong>O projeto incide sobre a participação cívica de pessoas mais velhas nas atividades das Universidades Seniores (US) da região de Trás-os-Montes e privilegia um modelo de investigação-ação participativa. Pretende-se dinamizar práticas de educação participativa, que envolvam quem aprende nos processos de tomada de decisão sobre o que aprendem e que capacitem os adultos mais velhos para se afirmarem como agentes de educação e participação cívica, com impacto nas suas comunidades. Destacam-se os seguintes objetivos: i) conhecer as motivações dos participantes relativamente à participação cívica ao longo da vida e atualmente; ii) identificar áreas de intervenção para a participação cívica, com base nos interesses e necessidades dos participantes e da comunidade; iii) intervir no contexto local, a partir da integração ativa das pessoas mais velhas na conceção e dinamização de projetos próprios.</strong></span></p>								</div>
				</div>
					</div>
		</div>
					</div>
		</section>
				</div>

<p>Acrónimo (H)OLD ONDesignação do projeto Participação cívica de pessoas mais velhas nas Universidades Seniores e na comunidade localReferência&#8230;</p>
