{"id":30338,"date":"2020-09-21T15:04:14","date_gmt":"2020-09-21T15:04:14","guid":{"rendered":"https:\/\/cead.ualg.pt\/site\/?page_id=30338"},"modified":"2026-04-02T10:24:02","modified_gmt":"2026-04-02T10:24:02","slug":"encontros-cientificos","status":"publish","type":"page","link":"https:\/\/cead.ualg.pt\/site\/encontros-cientificos\/","title":{"rendered":"Encontros cient\u00edficos"},"content":{"rendered":"\t\t<div data-elementor-type=\"wp-page\" data-elementor-id=\"30338\" class=\"elementor elementor-30338\" data-elementor-post-type=\"page\">\n\t\t\t\t\t\t<section class=\"elementor-section elementor-top-section elementor-element elementor-element-76ed8a8 elementor-section-boxed elementor-section-height-default elementor-section-height-default neuron-fixed-no\" data-id=\"76ed8a8\" data-element_type=\"section\" data-e-type=\"section\">\n\t\t\t\t\t\t<div class=\"elementor-container elementor-column-gap-default\">\n\t\t\t\t\t<div class=\"elementor-column elementor-col-100 elementor-top-column elementor-element elementor-element-b6e6f71\" data-id=\"b6e6f71\" data-element_type=\"column\" data-e-type=\"column\">\n\t\t\t<div class=\"elementor-widget-wrap elementor-element-populated\">\n\t\t\t\t\t\t<div class=\"elementor-element elementor-element-e407ade elementor-widget elementor-widget-text-editor\" data-id=\"e407ade\" data-element_type=\"widget\" data-e-type=\"widget\" data-widget_type=\"text-editor.default\">\n\t\t\t\t<div class=\"elementor-widget-container\">\n\t\t\t\t\t\t\t\t\t<div id=\"_idContainer000\" class=\"_idGenObjectStyleOverride-1\"><strong><span style=\"color: #000000;\">Entre 2020 e 2024, o CEAD organizou 43 semin\u00e1rios e congressos. Abaixo est\u00e3o listados apenas alguns:<\/span><\/strong><\/div><div class=\"_idGenObjectStyleOverride-1\">\u00a0<\/div><div class=\"_idGenObjectStyleOverride-1\"><table id=\"table001\" class=\"Basic-Table\" width=\"949\"><colgroup> <col class=\"_idGenTableRowColumn-1\" \/> <col class=\"_idGenTableRowColumn-2\" \/> <col class=\"_idGenTableRowColumn-3\" \/> <col class=\"_idGenTableRowColumn-4\" \/> <col class=\"_idGenTableRowColumn-5\" \/> <\/colgroup><tbody><tr class=\"Basic-Table _idGenTableRowColumn-6\"><td class=\"Basic-Table CellOverride-1\" width=\"116\"><p class=\"Basic-Paragraph ParaOverride-1\"><span style=\"color: #ffffff;\"><strong>Data<\/strong><\/span><\/p><\/td><td class=\"Basic-Table CellOverride-1\" width=\"650\"><p class=\"Basic-Paragraph ParaOverride-1\"><span style=\"color: #ffffff;\"><strong>T\u00edtulo<\/strong><\/span><\/p><\/td><td class=\"Basic-Table CellOverride-1\" width=\"377\"><p class=\"Basic-Paragraph ParaOverride-1\"><span style=\"color: #ffffff;\"><strong>Institui\u00e7\u00f5es envolvidas<\/strong><\/span><\/p><\/td><td class=\"Basic-Table CellOverride-1\" width=\"165\"><p class=\"Basic-Paragraph ParaOverride-1\"><span style=\"color: #ffffff;\"><strong>Local<\/strong><\/span><\/p><\/td><td class=\"Basic-Table CellOverride-1\" width=\"87\"><p class=\"Basic-Paragraph ParaOverride-1\"><span style=\"color: #ffffff;\"><strong>Mais info<\/strong><\/span><\/p><\/td><\/tr><tr class=\"Basic-Table _idGenTableRowColumn-7\"><td class=\"Basic-Table CellOverride-2\"><p class=\"Basic-Paragraph ParaOverride-1\"><span style=\"color: #000000;\">30 de janeiro de 2026<\/span><\/p><\/td><td class=\"Basic-Table CellOverride-2\"><p class=\"Basic-Paragraph ParaOverride-1\"><span style=\"background-color: transparent; font-size: 14px;\">II Encontro Colaborativo de Organiza\u00e7\u00f5es da Sociedade Civil, CEAD e Oficina<\/span><\/p><\/td><td class=\"Basic-Table CellOverride-2\"><p class=\"Basic-Paragraph ParaOverride-1\">\u00a0<\/p><\/td><td class=\"Basic-Table CellOverride-2\"><p class=\"Basic-Paragraph ParaOverride-1\"><span style=\"color: #000000;\">FCHS da Universidade do Algarve<\/span><\/p><\/td><td class=\"Basic-Table CellOverride-2\"><p class=\"Links\"><span style=\"color: #000000;\">\u00a0\u00a0<a style=\"color: #000000;\" href=\"https:\/\/www.ualg.pt\/cead-promove-cocriacao-e-dialogo-em-rede-no-ii-encontro-colaborativo-na-ualg\" target=\"_blank\" rel=\"noopener\">Nota de imprensa<\/a><\/span><\/p><\/td><\/tr><tr class=\"Basic-Table _idGenTableRowColumn-7\"><td class=\"Basic-Table CellOverride-2\"><p class=\"Basic-Paragraph ParaOverride-1\"><span style=\"color: #000000;\">8 de junho de 2024<\/span><\/p><\/td><td class=\"Basic-Table CellOverride-2\"><p class=\"Basic-Paragraph ParaOverride-1\"><span style=\"background-color: transparent; font-size: 14px;\">Educa\u00e7\u00e3o de Adultos, Intergeracionalidade e Longevidade Saud\u00e1vel<\/span><\/p><\/td><td class=\"Basic-Table CellOverride-2\"><p class=\"Basic-Paragraph ParaOverride-1\"><span style=\"color: #000000;\">CEIS20, CIAS, Universidade de Coimbra, CEAD<\/span><\/p><\/td><td class=\"Basic-Table CellOverride-2\"><p class=\"Basic-Paragraph ParaOverride-1\"><span style=\"color: #000000;\">Sal\u00e3o Paroquial do Convento de Nossa Senhora do Carmo, Tent\u00fagal<\/span><\/p><\/td><td class=\"Basic-Table CellOverride-2\"><p class=\"Links\"><span style=\"color: #000000;\">\u00a0\u00a0<a style=\"color: #000000;\" href=\"https:\/\/cead.ualg.pt\/site\/wp-content\/uploads\/sites\/4\/2025\/04\/JornadasTentugal.pdf\" target=\"_blank\" rel=\"noopener\">Cartaz<\/a><\/span><\/p><\/td><\/tr><tr class=\"Basic-Table _idGenTableRowColumn-7\"><td class=\"Basic-Table CellOverride-2\"><p class=\"Basic-Paragraph ParaOverride-1\"><span style=\"color: #000000;\">24 a 26 de outubro de 2024<\/span><\/p><\/td><td class=\"Basic-Table CellOverride-2\"><p class=\"Basic-Paragraph ParaOverride-1\"><span style=\"color: #000000;\">Thinking against the grain: Critical Pedagogy, Popular Education and Revolution<\/span><\/p><\/td><td class=\"Basic-Table CellOverride-2\"><p class=\"Basic-Paragraph ParaOverride-1\"><span style=\"color: #000000;\">ESREA research network on Active Democratic Citizenship and Adult Learning<\/span><\/p><p class=\"Basic-Paragraph ParaOverride-1\"><span style=\"color: #000000;\"><br \/>CEAD <\/span><\/p><\/td><td class=\"Basic-Table CellOverride-2\"><p class=\"Basic-Paragraph ParaOverride-1\"><span style=\"color: #000000;\">Universidade do Algarve, Campus de Gambelas<\/span><\/p><\/td><td class=\"Basic-Table CellOverride-2\"><p class=\"Links\"><span style=\"color: #000000;\">\u00a0\u00a0<a style=\"color: #000000;\" href=\"https:\/\/cead.ualg.pt\/site\/wp-content\/uploads\/sites\/4\/2024\/08\/2nd-Call-for-papers-ADCAL-ESREA-UAlg-FINAL.pdf\" target=\"_blank\" rel=\"noopener\">CFP<\/a><\/span><\/p><\/td><\/tr><tr class=\"Basic-Table _idGenTableRowColumn-7\"><td class=\"Basic-Table CellOverride-2\"><p class=\"Basic-Paragraph ParaOverride-1\"><span style=\"color: #000000;\">7 de julho de 2023<\/span><\/p><\/td><td class=\"Basic-Table CellOverride-2\"><p class=\"Basic-Paragraph ParaOverride-1\"><span style=\"color: #000000;\">Encontro\u00a0Colaborativo de Organiza\u00e7\u00f5es da Sociedade Civil<\/span><\/p><\/td><td class=\"Basic-Table CellOverride-2\"><p class=\"Basic-Paragraph ParaOverride-1\"><span style=\"color: #000000;\">CEAD<\/span><\/p><p class=\"Basic-Paragraph ParaOverride-1\"><span style=\"color: #000000;\">In Loco<\/span><\/p><p class=\"Basic-Paragraph ParaOverride-1\"><span style=\"color: #000000;\">Casulo<\/span><\/p><\/td><td class=\"Basic-Table CellOverride-2\"><p class=\"Basic-Paragraph ParaOverride-1\"><span style=\"color: #000000;\">Anfiteatro Teresa Gamito, FCHS da Universidade do Algarve<\/span><\/p><\/td><td class=\"Basic-Table CellOverride-2\"><p class=\"Links\"><span style=\"color: #000000;\">\u00a0\u00a0<a style=\"color: #000000;\" href=\"https:\/\/cead.ualg.pt\/site\/wp-content\/uploads\/sites\/4\/2025\/05\/EM-FOCO-cartaz-final.pdf\" target=\"_blank\" rel=\"noopener\">Cartaz<\/a><\/span><\/p><\/td><\/tr><tr class=\"Basic-Table _idGenTableRowColumn-7\"><td class=\"Basic-Table CellOverride-2\"><p class=\"Basic-Paragraph ParaOverride-1\"><span style=\"color: #000000;\">16 e 17 de junho de 2023<\/span><\/p><\/td><td class=\"Basic-Table CellOverride-2\"><p class=\"Basic-Paragraph ParaOverride-1\"><span style=\"color: #000000;\">Encontro Nacional de Associativismo e Interven\u00e7\u00e3o Comunit\u00e1ria<\/span><\/p><\/td><td class=\"Basic-Table CellOverride-2\"><p class=\"Basic-Paragraph ParaOverride-1\"><span style=\"color: #000000;\">CEAD<\/span><\/p><\/td><td class=\"Basic-Table CellOverride-2\"><p class=\"Basic-Paragraph ParaOverride-1\"><span style=\"color: #000000;\">FPCE da Universidade de Coimbra<\/span><\/p><p class=\"Basic-Paragraph ParaOverride-1\"><span style=\"color: #000000;\"><br \/>Museu Poros \u2013 Condeixa-a-Nova<\/span><\/p><\/td><td class=\"Basic-Table CellOverride-2\"><p class=\"Links\"><span style=\"color: #000000;\">\u00a0\u00a0<a style=\"color: #000000;\" href=\"https:\/\/cead.ualg.pt\/site\/wp-content\/uploads\/sites\/4\/2025\/04\/Encontro_Nacional_de_Associativismo_e_Intervencao_Comunitaria_poster_programa.pdf\" target=\"_blank\" rel=\"noopener\">Cartaz<\/a><\/span><\/p><\/td><\/tr><tr class=\"Basic-Table _idGenTableRowColumn-7\"><td class=\"Basic-Table CellOverride-2\"><p class=\"Basic-Paragraph ParaOverride-1\"><span style=\"color: #000000;\">18 a 20 de julho de 2022<\/span><\/p><\/td><td class=\"Basic-Table CellOverride-2\"><p class=\"Basic-Paragraph ParaOverride-1\"><span style=\"color: #000000;\">Gender and adult education in the era of social and cultural changes: (new) risks and challenges<\/span><\/p><\/td><td class=\"Basic-Table CellOverride-2\"><p class=\"Basic-Paragraph ParaOverride-1\"><span style=\"color: #000000;\">ESREA Research Network on Gender and Adult Education<\/span><\/p><p class=\"Basic-Paragraph ParaOverride-1\"><span style=\"color: #000000;\">CEAD<\/span><\/p><\/td><td class=\"Basic-Table CellOverride-2\"><p class=\"Basic-Paragraph ParaOverride-1\"><span style=\"color: #000000;\">Universidade do Algarve, Campus de Gambelas<\/span><\/p><\/td><td class=\"Basic-Table CellOverride-2\"><p class=\"Links\"><span style=\"color: #000000;\">\u00a0\u00a0<a style=\"color: #000000;\" href=\"https:\/\/cead.ualg.pt\/site\/wp-content\/uploads\/sites\/4\/2022\/03\/2nd-CFP-Gender-and-adult-education.pdf\" target=\"_blank\" rel=\"noopener\">CFP<\/a><\/span><\/p><\/td><\/tr><tr class=\"Basic-Table _idGenTableRowColumn-7\"><td class=\"Basic-Table CellOverride-2\"><p class=\"Basic-Paragraph ParaOverride-1\"><span style=\"color: #000000;\">14 a 16 de julho 2022<\/span><\/p><\/td><td class=\"Basic-Table CellOverride-2\"><p class=\"Basic-Paragraph ParaOverride-1\"><span style=\"color: #000000;\">Adult education, access, learning and identities in times of crisis<\/span><\/p><\/td><td class=\"Basic-Table CellOverride-2\"><p class=\"Basic-Paragraph ParaOverride-1\"><span style=\"color: #000000;\">ESREA Research Network on Access, Learning Careers and Identities<\/span><\/p><p class=\"Basic-Paragraph ParaOverride-1\"><span style=\"color: #000000;\">CEAD<\/span><\/p><\/td><td class=\"Basic-Table CellOverride-2\"><p class=\"Basic-Paragraph ParaOverride-1\"><span style=\"color: #000000;\">Universidade do Algarve, Campus da Penha<\/span><\/p><\/td><td class=\"Basic-Table CellOverride-2\"><p class=\"Links\"><span style=\"color: #000000;\">\u00a0\u00a0<a style=\"color: #000000;\" href=\"https:\/\/cead.ualg.pt\/site\/wp-content\/uploads\/sites\/4\/2022\/03\/2nd-Call-for-papers-ALCI-network-14-to-16-july-2022.pdf\" target=\"_blank\" rel=\"noopener\">CFP<\/a><\/span><\/p><\/td><\/tr><tr class=\"Basic-Table _idGenTableRowColumn-7\"><td class=\"Basic-Table CellOverride-2\"><p class=\"Basic-Paragraph ParaOverride-1\"><span style=\"color: #000000;\">03 a 05 de novembro de 2022<\/span><\/p><\/td><td class=\"Basic-Table CellOverride-2\"><p class=\"Basic-Paragraph ParaOverride-1\"><span style=\"color: #000000;\"> Education and Learning of Older Adults \u2013 individual, local and global perspectives<\/span><\/p><\/td><td class=\"Basic-Table CellOverride-2\"><p class=\"Basic-Paragraph ParaOverride-1\"><span style=\"color: #000000;\">ESREA Research Network on Education and Learning of Older Adults (ELOA)<\/span><\/p><p class=\"Basic-Paragraph ParaOverride-1\"><span style=\"color: #000000;\">Escola Superior de Educa\u00e7\u00e3o do Instituto Polit\u00e9cnico de Bragan\u00e7a<\/span><\/p><p class=\"Basic-Paragraph ParaOverride-1\"><span style=\"color: #000000;\">CEAD<\/span><\/p><\/td><td class=\"Basic-Table CellOverride-2\"><p class=\"Basic-Paragraph ParaOverride-1\"><span style=\"color: #000000;\">Instituto Polit\u00e9cnico de Bragan\u00e7a<\/span><\/p><\/td><td class=\"Basic-Table CellOverride-2\"><p class=\"Links\"><span style=\"color: #000000;\">\u00a0\u00a0<a style=\"color: #000000;\" href=\"https:\/\/cead.ualg.pt\/site\/wp-content\/uploads\/sites\/4\/2022\/03\/FIRST-CALL_ELOA_Conference_2022.pdf\" target=\"_blank\" rel=\"noopener\">CFP<\/a><\/span><\/p><\/td><\/tr><tr class=\"Basic-Table _idGenTableRowColumn-8\"><td class=\"Basic-Table CellOverride-2\"><p class=\"Basic-Paragraph ParaOverride-1\"><span style=\"color: #000000;\">01 e 02 de outubro 2021<\/span><\/p><\/td><td class=\"Basic-Table CellOverride-2\"><p class=\"Basic-Paragraph ParaOverride-1\"><span style=\"color: #000000;\">IX Congresso Internacional de Educa\u00e7\u00e3o Social<\/span><\/p><\/td><td class=\"Basic-Table CellOverride-2\"><p class=\"Basic-Paragraph ParaOverride-1\"><span style=\"color: #000000;\">APTES (Associa\u00e7\u00e3o dos Profissionais T\u00e9cnicos Superiores de Educa\u00e7\u00e3o Social)<\/span><\/p><p class=\"Basic-Paragraph ParaOverride-1\"><span style=\"color: #000000;\">CEAD<\/span><\/p><\/td><td class=\"Basic-Table CellOverride-2\"><p class=\"Basic-Paragraph ParaOverride-1\"><span style=\"color: #000000;\">Universidade do Algarve, Campus da Penha<\/span><\/p><\/td><td class=\"Basic-Table CellOverride-2\">\u00a0<\/td><\/tr><\/tbody><\/table><\/div>\t\t\t\t\t\t\t\t<\/div>\n\t\t\t\t<\/div>\n\t\t\t\t\t<\/div>\n\t\t<\/div>\n\t\t\t\t\t<\/div>\n\t\t<\/section>\n\t\t\t\t<\/div>\n\t\t","protected":false},"excerpt":{"rendered":"<p>Entre 2020 e 2024, o CEAD organizou 43 semin\u00e1rios e congressos. Abaixo est\u00e3o listados apenas alguns:\u00a0 Data T\u00edtulo&#8230;<\/p>\n","protected":false},"author":2,"featured_media":0,"parent":0,"menu_order":0,"comment_status":"closed","ping_status":"closed","template":"","meta":{"_acf_changed":false,"footnotes":""},"class_list":["post-30338","page","type-page","status-publish","hentry"],"acf":[],"_links":{"self":[{"href":"https:\/\/cead.ualg.pt\/site\/wp-json\/wp\/v2\/pages\/30338","targetHints":{"allow":["GET"]}}],"collection":[{"href":"https:\/\/cead.ualg.pt\/site\/wp-json\/wp\/v2\/pages"}],"about":[{"href":"https:\/\/cead.ualg.pt\/site\/wp-json\/wp\/v2\/types\/page"}],"author":[{"embeddable":true,"href":"https:\/\/cead.ualg.pt\/site\/wp-json\/wp\/v2\/users\/2"}],"replies":[{"embeddable":true,"href":"https:\/\/cead.ualg.pt\/site\/wp-json\/wp\/v2\/comments?post=30338"}],"version-history":[{"count":131,"href":"https:\/\/cead.ualg.pt\/site\/wp-json\/wp\/v2\/pages\/30338\/revisions"}],"predecessor-version":[{"id":32148,"href":"https:\/\/cead.ualg.pt\/site\/wp-json\/wp\/v2\/pages\/30338\/revisions\/32148"}],"wp:attachment":[{"href":"https:\/\/cead.ualg.pt\/site\/wp-json\/wp\/v2\/media?parent=30338"}],"curies":[{"name":"wp","href":"https:\/\/api.w.org\/{rel}","templated":true}]}}