{"id":29948,"date":"2020-08-18T16:37:02","date_gmt":"2020-08-18T16:37:02","guid":{"rendered":"https:\/\/cead.ualg.pt\/site\/?page_id=29948"},"modified":"2024-08-29T18:32:31","modified_gmt":"2024-08-29T18:32:31","slug":"bolseiros-de-investigacao","status":"publish","type":"page","link":"https:\/\/cead.ualg.pt\/site\/bolseiros-de-investigacao\/","title":{"rendered":"Bolseiros de investiga\u00e7\u00e3o"},"content":{"rendered":"\t\t<div data-elementor-type=\"wp-page\" data-elementor-id=\"29948\" class=\"elementor elementor-29948\" data-elementor-post-type=\"page\">\n\t\t\t\t\t\t<section class=\"elementor-section elementor-top-section elementor-element elementor-element-8c42250 elementor-section-content-bottom elementor-section-boxed elementor-section-height-default elementor-section-height-default neuron-fixed-no\" data-id=\"8c42250\" data-element_type=\"section\" data-e-type=\"section\">\n\t\t\t\t\t\t<div class=\"elementor-container elementor-column-gap-default\">\n\t\t\t\t\t<div class=\"elementor-column elementor-col-33 elementor-top-column elementor-element elementor-element-804c6f2\" data-id=\"804c6f2\" data-element_type=\"column\" data-e-type=\"column\">\n\t\t\t<div class=\"elementor-widget-wrap elementor-element-populated\">\n\t\t\t\t\t\t<div class=\"elementor-element elementor-element-04cf3c1 elementor-widget elementor-widget-image\" data-id=\"04cf3c1\" data-element_type=\"widget\" data-e-type=\"widget\" data-widget_type=\"image.default\">\n\t\t\t\t<div class=\"elementor-widget-container\">\n\t\t\t\t\t\t\t\t\t\t\t\t\t\t\t<img decoding=\"async\" width=\"150\" height=\"150\" src=\"https:\/\/cead.ualg.pt\/site\/wp-content\/uploads\/sites\/4\/2024\/08\/PB_AmandaSaoVicente-150x150.jpg\" class=\"attachment-thumbnail size-thumbnail wp-image-31342\" alt=\"\" srcset=\"https:\/\/cead.ualg.pt\/site\/wp-content\/uploads\/sites\/4\/2024\/08\/PB_AmandaSaoVicente-150x150.jpg 150w, https:\/\/cead.ualg.pt\/site\/wp-content\/uploads\/sites\/4\/2024\/08\/PB_AmandaSaoVicente-300x300.jpg 300w, https:\/\/cead.ualg.pt\/site\/wp-content\/uploads\/sites\/4\/2024\/08\/PB_AmandaSaoVicente-12x12.jpg 12w, https:\/\/cead.ualg.pt\/site\/wp-content\/uploads\/sites\/4\/2024\/08\/PB_AmandaSaoVicente-500x500.jpg 500w, https:\/\/cead.ualg.pt\/site\/wp-content\/uploads\/sites\/4\/2024\/08\/PB_AmandaSaoVicente.jpg 525w\" sizes=\"(max-width: 150px) 100vw, 150px\" \/>\t\t\t\t\t\t\t\t\t\t\t\t\t\t\t<\/div>\n\t\t\t\t<\/div>\n\t\t\t\t<section class=\"elementor-section elementor-inner-section elementor-element elementor-element-dacc27a elementor-section-content-bottom elementor-section-boxed elementor-section-height-default elementor-section-height-default neuron-fixed-no\" data-id=\"dacc27a\" data-element_type=\"section\" data-e-type=\"section\">\n\t\t\t\t\t\t<div class=\"elementor-container elementor-column-gap-no\">\n\t\t\t\t\t<div class=\"elementor-column elementor-col-100 elementor-inner-column elementor-element elementor-element-4944f75\" data-id=\"4944f75\" data-element_type=\"column\" data-e-type=\"column\">\n\t\t\t<div class=\"elementor-widget-wrap elementor-element-populated\">\n\t\t\t\t\t\t<div class=\"elementor-element elementor-element-be6f764 elementor-widget elementor-widget-text-editor\" data-id=\"be6f764\" data-element_type=\"widget\" data-e-type=\"widget\" data-widget_type=\"text-editor.default\">\n\t\t\t\t<div class=\"elementor-widget-container\">\n\t\t\t\t\t\t\t\t\t<p><span style=\"color: #000000;\"><b>Amanda S\u00e3o Vicente<\/b><\/span><\/p><p><b><\/b><span style=\"color: #808080;\">Bolseira no projeto ESDEUS &#8211; European Universities as Community Leaders of the Education for Sustainable Development<\/span><\/p><hr \/><p><a href=\"https:\/\/www.cienciavitae.pt\/portal\/D614-4D21-CFD5\" target=\"_blank\" rel=\"noopener\">Ci\u00eancia Vitae<\/a><\/p><p><a href=\"https:\/\/orcid.org\/0009-0009-3296-0499\" target=\"_blank\" rel=\"noopener\">ORCID<\/a><\/p><hr \/><p><span style=\"font-weight: normal; color: #00ccff;\"><a style=\"color: #00ccff;\" href=\"mailto:abvicente@ualg.pt\" target=\"_blank\" rel=\"noopener\">abvicente@ualg.pt<\/a><\/span><\/p>\t\t\t\t\t\t\t\t<\/div>\n\t\t\t\t<\/div>\n\t\t\t\t\t<\/div>\n\t\t<\/div>\n\t\t\t\t\t<\/div>\n\t\t<\/section>\n\t\t\t\t\t<\/div>\n\t\t<\/div>\n\t\t\t\t<div class=\"elementor-column elementor-col-33 elementor-top-column elementor-element elementor-element-82c69d7\" data-id=\"82c69d7\" data-element_type=\"column\" data-e-type=\"column\">\n\t\t\t<div class=\"elementor-widget-wrap elementor-element-populated\">\n\t\t\t\t\t\t<div class=\"elementor-element elementor-element-3817547 elementor-widget elementor-widget-image\" data-id=\"3817547\" data-element_type=\"widget\" data-e-type=\"widget\" data-widget_type=\"image.default\">\n\t\t\t\t<div class=\"elementor-widget-container\">\n\t\t\t\t\t\t\t\t\t\t\t\t\t\t\t<img decoding=\"async\" width=\"150\" height=\"150\" src=\"https:\/\/cead.ualg.pt\/site\/wp-content\/uploads\/sites\/4\/2021\/11\/AndreiaRomeira_PB-150x150.jpg\" class=\"attachment-thumbnail size-thumbnail wp-image-30914\" alt=\"\" srcset=\"https:\/\/cead.ualg.pt\/site\/wp-content\/uploads\/sites\/4\/2021\/11\/AndreiaRomeira_PB-150x150.jpg 150w, https:\/\/cead.ualg.pt\/site\/wp-content\/uploads\/sites\/4\/2021\/11\/AndreiaRomeira_PB-300x300.jpg 300w, https:\/\/cead.ualg.pt\/site\/wp-content\/uploads\/sites\/4\/2021\/11\/AndreiaRomeira_PB-12x12.jpg 12w, https:\/\/cead.ualg.pt\/site\/wp-content\/uploads\/sites\/4\/2021\/11\/AndreiaRomeira_PB-500x500.jpg 500w, https:\/\/cead.ualg.pt\/site\/wp-content\/uploads\/sites\/4\/2021\/11\/AndreiaRomeira_PB.jpg 525w\" sizes=\"(max-width: 150px) 100vw, 150px\" \/>\t\t\t\t\t\t\t\t\t\t\t\t\t\t\t<\/div>\n\t\t\t\t<\/div>\n\t\t\t\t<section class=\"elementor-section elementor-inner-section elementor-element elementor-element-5f065bc elementor-section-content-bottom elementor-section-boxed elementor-section-height-default elementor-section-height-default neuron-fixed-no\" data-id=\"5f065bc\" data-element_type=\"section\" data-e-type=\"section\">\n\t\t\t\t\t\t<div class=\"elementor-container elementor-column-gap-no\">\n\t\t\t\t\t<div class=\"elementor-column elementor-col-100 elementor-inner-column elementor-element elementor-element-002ac0c\" data-id=\"002ac0c\" data-element_type=\"column\" data-e-type=\"column\">\n\t\t\t<div class=\"elementor-widget-wrap elementor-element-populated\">\n\t\t\t\t\t\t<div class=\"elementor-element elementor-element-c8473b2 elementor-widget elementor-widget-text-editor\" data-id=\"c8473b2\" data-element_type=\"widget\" data-e-type=\"widget\" data-widget_type=\"text-editor.default\">\n\t\t\t\t<div class=\"elementor-widget-container\">\n\t\t\t\t\t\t\t\t\t<p><span style=\"color: #000000;\"><b>Andreia Romeira <\/b><\/span><\/p><p><b><\/b><span style=\"color: #808080;\">Bolseira no projeto explorat\u00f3rio TRANSSUC \u2013 Percursos de graduados n\u00e3o tradicionais: Desigualdades na transi\u00e7\u00e3o para o mercado de trabalho<\/span><\/p><hr \/><p><a href=\"https:\/\/www.cienciavitae.pt\/portal\/C212-C14F-39C8\" target=\"_blank\" rel=\"noopener\">Ci\u00eancia Vitae<\/a><\/p><p><a href=\"https:\/\/orcid.org\/0000-0002-5006-2950\" target=\"_blank\" rel=\"noopener\">ORCID<\/a><\/p><hr \/><p><span style=\"font-weight: normal; color: #00ccff;\"><a style=\"color: #00ccff;\" href=\"mailto:andreiaromeira@hotmail.com\" target=\"_blank\" rel=\"noopener\">andreiaromeira@hotmail.com<\/a><\/span><\/p>\t\t\t\t\t\t\t\t<\/div>\n\t\t\t\t<\/div>\n\t\t\t\t\t<\/div>\n\t\t<\/div>\n\t\t\t\t\t<\/div>\n\t\t<\/section>\n\t\t\t\t\t<\/div>\n\t\t<\/div>\n\t\t\t\t<div class=\"elementor-column elementor-col-33 elementor-top-column elementor-element elementor-element-b23403c\" data-id=\"b23403c\" data-element_type=\"column\" data-e-type=\"column\">\n\t\t\t<div class=\"elementor-widget-wrap elementor-element-populated\">\n\t\t\t\t\t\t<div class=\"elementor-element elementor-element-56f1e0e elementor-widget elementor-widget-image\" data-id=\"56f1e0e\" data-element_type=\"widget\" data-e-type=\"widget\" data-widget_type=\"image.default\">\n\t\t\t\t<div class=\"elementor-widget-container\">\n\t\t\t\t\t\t\t\t\t\t\t\t\t\t\t<img decoding=\"async\" width=\"150\" height=\"150\" src=\"https:\/\/cead.ualg.pt\/site\/wp-content\/uploads\/sites\/4\/2024\/08\/PB_Emanuel_1-150x150.jpg\" class=\"attachment-thumbnail size-thumbnail wp-image-31704\" alt=\"\" srcset=\"https:\/\/cead.ualg.pt\/site\/wp-content\/uploads\/sites\/4\/2024\/08\/PB_Emanuel_1-150x150.jpg 150w, https:\/\/cead.ualg.pt\/site\/wp-content\/uploads\/sites\/4\/2024\/08\/PB_Emanuel_1-300x300.jpg 300w, https:\/\/cead.ualg.pt\/site\/wp-content\/uploads\/sites\/4\/2024\/08\/PB_Emanuel_1-12x12.jpg 12w, https:\/\/cead.ualg.pt\/site\/wp-content\/uploads\/sites\/4\/2024\/08\/PB_Emanuel_1-500x500.jpg 500w, https:\/\/cead.ualg.pt\/site\/wp-content\/uploads\/sites\/4\/2024\/08\/PB_Emanuel_1.jpg 521w\" sizes=\"(max-width: 150px) 100vw, 150px\" \/>\t\t\t\t\t\t\t\t\t\t\t\t\t\t\t<\/div>\n\t\t\t\t<\/div>\n\t\t\t\t<section class=\"elementor-section elementor-inner-section elementor-element elementor-element-f9f0f23 elementor-section-content-bottom elementor-section-boxed elementor-section-height-default elementor-section-height-default neuron-fixed-no\" data-id=\"f9f0f23\" data-element_type=\"section\" data-e-type=\"section\">\n\t\t\t\t\t\t<div class=\"elementor-container elementor-column-gap-no\">\n\t\t\t\t\t<div class=\"elementor-column elementor-col-100 elementor-inner-column elementor-element elementor-element-7aecefa\" data-id=\"7aecefa\" data-element_type=\"column\" data-e-type=\"column\">\n\t\t\t<div class=\"elementor-widget-wrap elementor-element-populated\">\n\t\t\t\t\t\t<div class=\"elementor-element elementor-element-8e0e481 elementor-widget elementor-widget-text-editor\" data-id=\"8e0e481\" data-element_type=\"widget\" data-e-type=\"widget\" data-widget_type=\"text-editor.default\">\n\t\t\t\t<div class=\"elementor-widget-container\">\n\t\t\t\t\t\t\t\t\t<p><span style=\"color: #000000;\"><b>Emanuel-Madalin Surducan<\/b><\/span><span style=\"color: #000000;\"><b><br \/><\/b><\/span><\/p><p><span style=\"color: #808080;\">Bolseiro na linha de investiga\u00e7\u00e3o Rela\u00e7\u00f5es de poder no Ensino Superior<\/span><\/p><hr \/><p><a href=\"https:\/\/www.cienciavitae.pt\/portal\/831A-98ED-BD73\" target=\"_blank\" rel=\"noopener\">Ci\u00eancia Vitae<\/a><\/p><hr \/><p><span style=\"font-weight: normal; color: #00ccff;\"><a style=\"color: #00ccff;\" href=\"mailto:emsurducan@ualg.pt\" target=\"_blank\" rel=\"noopener\">emsurducan@ualg.pt<\/a><\/span><\/p>\t\t\t\t\t\t\t\t<\/div>\n\t\t\t\t<\/div>\n\t\t\t\t\t<\/div>\n\t\t<\/div>\n\t\t\t\t\t<\/div>\n\t\t<\/section>\n\t\t\t\t\t<\/div>\n\t\t<\/div>\n\t\t\t\t\t<\/div>\n\t\t<\/section>\n\t\t\t\t<section class=\"elementor-section elementor-top-section elementor-element elementor-element-34ed961 elementor-section-content-bottom elementor-section-boxed elementor-section-height-default elementor-section-height-default neuron-fixed-no\" data-id=\"34ed961\" data-element_type=\"section\" data-e-type=\"section\">\n\t\t\t\t\t\t<div class=\"elementor-container elementor-column-gap-default\">\n\t\t\t\t\t<div class=\"elementor-column elementor-col-33 elementor-top-column elementor-element elementor-element-57669a7\" data-id=\"57669a7\" data-element_type=\"column\" data-e-type=\"column\">\n\t\t\t<div class=\"elementor-widget-wrap elementor-element-populated\">\n\t\t\t\t\t\t<div class=\"elementor-element elementor-element-5a8a5c8 elementor-widget elementor-widget-image\" data-id=\"5a8a5c8\" data-element_type=\"widget\" data-e-type=\"widget\" data-widget_type=\"image.default\">\n\t\t\t\t<div class=\"elementor-widget-container\">\n\t\t\t\t\t\t\t\t\t\t\t\t\t\t\t<img loading=\"lazy\" decoding=\"async\" width=\"150\" height=\"150\" src=\"https:\/\/cead.ualg.pt\/site\/wp-content\/uploads\/sites\/4\/2020\/08\/PB_LuanaMuchacho-150x150.jpg\" class=\"attachment-thumbnail size-thumbnail wp-image-29951\" alt=\"\" srcset=\"https:\/\/cead.ualg.pt\/site\/wp-content\/uploads\/sites\/4\/2020\/08\/PB_LuanaMuchacho-150x150.jpg 150w, https:\/\/cead.ualg.pt\/site\/wp-content\/uploads\/sites\/4\/2020\/08\/PB_LuanaMuchacho-500x500.jpg 500w\" sizes=\"(max-width: 150px) 100vw, 150px\" \/>\t\t\t\t\t\t\t\t\t\t\t\t\t\t\t<\/div>\n\t\t\t\t<\/div>\n\t\t\t\t<section class=\"elementor-section elementor-inner-section elementor-element elementor-element-c866778 elementor-section-content-bottom elementor-section-boxed elementor-section-height-default elementor-section-height-default neuron-fixed-no\" data-id=\"c866778\" data-element_type=\"section\" data-e-type=\"section\">\n\t\t\t\t\t\t<div class=\"elementor-container elementor-column-gap-no\">\n\t\t\t\t\t<div class=\"elementor-column elementor-col-100 elementor-inner-column elementor-element elementor-element-8dd0be3\" data-id=\"8dd0be3\" data-element_type=\"column\" data-e-type=\"column\">\n\t\t\t<div class=\"elementor-widget-wrap elementor-element-populated\">\n\t\t\t\t\t\t<div class=\"elementor-element elementor-element-5b49843 elementor-widget elementor-widget-text-editor\" data-id=\"5b49843\" data-element_type=\"widget\" data-e-type=\"widget\" data-widget_type=\"text-editor.default\">\n\t\t\t\t<div class=\"elementor-widget-container\">\n\t\t\t\t\t\t\t\t\t<p><span style=\"color: #000000;\"><b>Luana Muchacho<br \/><\/b><\/span><\/p><p><span style=\"color: #808080;\">Bolseira no projeto DigP-SEM &#8211; Plataformas Digitais na gest\u00e3o educacional dos agrupamentos de escolas<\/span><\/p><hr \/><p><a href=\"https:\/\/www.cienciavitae.pt\/portal\/1A18-8408-EDCA\" target=\"_blank\" rel=\"noopener\">Ci\u00eancia Vitae<\/a><\/p><hr \/><p><a style=\"font-size: 15px; font-weight: normal; color: #ec008b;\" href=\"mailto:luanamuc@hotmail.com\" target=\"_blank\" rel=\"noopener\"><span style=\"color: #0000ff;\"><span style=\"color: #00ccff;\">luanamuc@hotmail.com<\/span><\/span><\/a><\/p>\t\t\t\t\t\t\t\t<\/div>\n\t\t\t\t<\/div>\n\t\t\t\t\t<\/div>\n\t\t<\/div>\n\t\t\t\t\t<\/div>\n\t\t<\/section>\n\t\t\t\t\t<\/div>\n\t\t<\/div>\n\t\t\t\t<div class=\"elementor-column elementor-col-33 elementor-top-column elementor-element elementor-element-0e64169\" data-id=\"0e64169\" data-element_type=\"column\" data-e-type=\"column\">\n\t\t\t<div class=\"elementor-widget-wrap elementor-element-populated\">\n\t\t\t\t\t\t<div class=\"elementor-element elementor-element-e19b4e1 elementor-widget elementor-widget-image\" data-id=\"e19b4e1\" data-element_type=\"widget\" data-e-type=\"widget\" data-widget_type=\"image.default\">\n\t\t\t\t<div class=\"elementor-widget-container\">\n\t\t\t\t\t\t\t\t\t\t\t\t\t\t\t<img loading=\"lazy\" decoding=\"async\" width=\"150\" height=\"150\" src=\"https:\/\/cead.ualg.pt\/site\/wp-content\/uploads\/sites\/4\/2021\/11\/LuisaCrames_PB-150x150.jpeg\" class=\"attachment-thumbnail size-thumbnail wp-image-30915\" alt=\"\" srcset=\"https:\/\/cead.ualg.pt\/site\/wp-content\/uploads\/sites\/4\/2021\/11\/LuisaCrames_PB-150x150.jpeg 150w, https:\/\/cead.ualg.pt\/site\/wp-content\/uploads\/sites\/4\/2021\/11\/LuisaCrames_PB-300x300.jpeg 300w, https:\/\/cead.ualg.pt\/site\/wp-content\/uploads\/sites\/4\/2021\/11\/LuisaCrames_PB-12x12.jpeg 12w, https:\/\/cead.ualg.pt\/site\/wp-content\/uploads\/sites\/4\/2021\/11\/LuisaCrames_PB-500x500.jpeg 500w, https:\/\/cead.ualg.pt\/site\/wp-content\/uploads\/sites\/4\/2021\/11\/LuisaCrames_PB.jpeg 525w\" sizes=\"(max-width: 150px) 100vw, 150px\" \/>\t\t\t\t\t\t\t\t\t\t\t\t\t\t\t<\/div>\n\t\t\t\t<\/div>\n\t\t\t\t<section class=\"elementor-section elementor-inner-section elementor-element elementor-element-7daa992 elementor-section-content-bottom elementor-section-boxed elementor-section-height-default elementor-section-height-default neuron-fixed-no\" data-id=\"7daa992\" data-element_type=\"section\" data-e-type=\"section\">\n\t\t\t\t\t\t<div class=\"elementor-container elementor-column-gap-no\">\n\t\t\t\t\t<div class=\"elementor-column elementor-col-100 elementor-inner-column elementor-element elementor-element-5349119\" data-id=\"5349119\" data-element_type=\"column\" data-e-type=\"column\">\n\t\t\t<div class=\"elementor-widget-wrap elementor-element-populated\">\n\t\t\t\t\t\t<div class=\"elementor-element elementor-element-5413f4f elementor-widget elementor-widget-text-editor\" data-id=\"5413f4f\" data-element_type=\"widget\" data-e-type=\"widget\" data-widget_type=\"text-editor.default\">\n\t\t\t\t<div class=\"elementor-widget-container\">\n\t\t\t\t\t\t\t\t\t<p><span style=\"color: #000000;\"><b>Lu\u00edsa Cram\u00eas<\/b><\/span><span style=\"color: #000000;\"><b><br \/><\/b><\/span><\/p><p><span style=\"color: #808080;\">Bolseira no projeto explorat\u00f3rio (H)OLD ON \u2013 Participa\u00e7\u00e3o c\u00edvica de pessoas mais velhas nas Universidades Seniores e na comunidade local<\/span><\/p><hr \/><p><a href=\"https:\/\/www.cienciavitae.pt\/portal\/8B16-AEFF-79B9\" target=\"_blank\" rel=\"noopener\">Ci\u00eancia Vitae<\/a><\/p><p><a href=\"https:\/\/orcid.org\/0000-0002-1465-7615\" target=\"_blank\" rel=\"noopener\">ORCID<\/a><\/p><hr \/><p><span style=\"font-weight: normal; color: #ec008b;\"><a style=\"color: #ec008b;\" href=\"mailto:cramesluisa@gmail.com\" target=\"_blank\" rel=\"noopener\"><span style=\"color: #0000ff;\"><span style=\"color: #00ccff;\">cramesluisa@gmail.com<\/span><\/span><\/a><\/span><\/p>\t\t\t\t\t\t\t\t<\/div>\n\t\t\t\t<\/div>\n\t\t\t\t\t<\/div>\n\t\t<\/div>\n\t\t\t\t\t<\/div>\n\t\t<\/section>\n\t\t\t\t\t<\/div>\n\t\t<\/div>\n\t\t\t\t<div class=\"elementor-column elementor-col-33 elementor-top-column elementor-element elementor-element-409e6cc\" data-id=\"409e6cc\" data-element_type=\"column\" data-e-type=\"column\">\n\t\t\t<div class=\"elementor-widget-wrap elementor-element-populated\">\n\t\t\t\t\t\t<div class=\"elementor-element elementor-element-3d0b0a9 elementor-widget elementor-widget-image\" data-id=\"3d0b0a9\" data-element_type=\"widget\" data-e-type=\"widget\" data-widget_type=\"image.default\">\n\t\t\t\t<div class=\"elementor-widget-container\">\n\t\t\t\t\t\t\t\t\t\t\t\t\t\t\t<img loading=\"lazy\" decoding=\"async\" width=\"150\" height=\"150\" src=\"https:\/\/cead.ualg.pt\/site\/wp-content\/uploads\/sites\/4\/2021\/11\/RuiZacarias_PB-150x150.jpeg\" class=\"attachment-thumbnail size-thumbnail wp-image-30919\" alt=\"\" srcset=\"https:\/\/cead.ualg.pt\/site\/wp-content\/uploads\/sites\/4\/2021\/11\/RuiZacarias_PB-150x150.jpeg 150w, https:\/\/cead.ualg.pt\/site\/wp-content\/uploads\/sites\/4\/2021\/11\/RuiZacarias_PB-300x300.jpeg 300w, https:\/\/cead.ualg.pt\/site\/wp-content\/uploads\/sites\/4\/2021\/11\/RuiZacarias_PB-12x12.jpeg 12w, https:\/\/cead.ualg.pt\/site\/wp-content\/uploads\/sites\/4\/2021\/11\/RuiZacarias_PB-500x500.jpeg 500w, https:\/\/cead.ualg.pt\/site\/wp-content\/uploads\/sites\/4\/2021\/11\/RuiZacarias_PB.jpeg 525w\" sizes=\"(max-width: 150px) 100vw, 150px\" \/>\t\t\t\t\t\t\t\t\t\t\t\t\t\t\t<\/div>\n\t\t\t\t<\/div>\n\t\t\t\t<section class=\"elementor-section elementor-inner-section elementor-element elementor-element-11be12d elementor-section-content-bottom elementor-section-boxed elementor-section-height-default elementor-section-height-default neuron-fixed-no\" data-id=\"11be12d\" data-element_type=\"section\" data-e-type=\"section\">\n\t\t\t\t\t\t<div class=\"elementor-container elementor-column-gap-no\">\n\t\t\t\t\t<div class=\"elementor-column elementor-col-100 elementor-inner-column elementor-element elementor-element-910d097\" data-id=\"910d097\" data-element_type=\"column\" data-e-type=\"column\">\n\t\t\t<div class=\"elementor-widget-wrap elementor-element-populated\">\n\t\t\t\t\t\t<div class=\"elementor-element elementor-element-b3f7c06 elementor-widget elementor-widget-text-editor\" data-id=\"b3f7c06\" data-element_type=\"widget\" data-e-type=\"widget\" data-widget_type=\"text-editor.default\">\n\t\t\t\t<div class=\"elementor-widget-container\">\n\t\t\t\t\t\t\t\t\t<p><span style=\"color: #000000;\"><b>Rui Zacarias<\/b><\/span><span style=\"color: #000000;\"><b><br \/><\/b><\/span><\/p><p><span style=\"color: #808080;\">Bolseiro no projeto explorat\u00f3rio VAL-IDADE &#8211; Valida\u00e7\u00e3o e aplica\u00e7\u00e3o explorat\u00f3ria da Workplace Age Discrimination Scale<\/span><\/p><hr \/><p><a href=\"https:\/\/www.cienciavitae.pt\/portal\/461B-71FA-D9BD\" target=\"_blank\" rel=\"noopener\">Ci\u00eancia Vitae<\/a><\/p><p><a href=\"https:\/\/orcid.org\/0000-0002-5542-9600\" target=\"_blank\" rel=\"noopener\">ORCID<\/a><\/p><hr \/><p><span style=\"font-weight: normal; color: #ec008b;\"><a style=\"color: #ec008b;\" href=\"mailto:rui.zacarias@hotmail.com\" target=\"_blank\" rel=\"noopener\"><span style=\"color: #0000ff;\"><span style=\"color: #00ccff;\">rui.zacarias@hotmail.com<\/span><\/span><\/a><\/span><\/p>\t\t\t\t\t\t\t\t<\/div>\n\t\t\t\t<\/div>\n\t\t\t\t\t<\/div>\n\t\t<\/div>\n\t\t\t\t\t<\/div>\n\t\t<\/section>\n\t\t\t\t\t<\/div>\n\t\t<\/div>\n\t\t\t\t\t<\/div>\n\t\t<\/section>\n\t\t\t\t<\/div>\n\t\t","protected":false},"excerpt":{"rendered":"<p>Amanda S\u00e3o Vicente Bolseira no projeto ESDEUS &#8211; European Universities as Community Leaders of the Education for Sustainable&#8230;<\/p>\n","protected":false},"author":2,"featured_media":0,"parent":0,"menu_order":0,"comment_status":"closed","ping_status":"closed","template":"","meta":{"_acf_changed":false,"footnotes":""},"class_list":["post-29948","page","type-page","status-publish","hentry"],"acf":[],"_links":{"self":[{"href":"https:\/\/cead.ualg.pt\/site\/wp-json\/wp\/v2\/pages\/29948","targetHints":{"allow":["GET"]}}],"collection":[{"href":"https:\/\/cead.ualg.pt\/site\/wp-json\/wp\/v2\/pages"}],"about":[{"href":"https:\/\/cead.ualg.pt\/site\/wp-json\/wp\/v2\/types\/page"}],"author":[{"embeddable":true,"href":"https:\/\/cead.ualg.pt\/site\/wp-json\/wp\/v2\/users\/2"}],"replies":[{"embeddable":true,"href":"https:\/\/cead.ualg.pt\/site\/wp-json\/wp\/v2\/comments?post=29948"}],"version-history":[{"count":26,"href":"https:\/\/cead.ualg.pt\/site\/wp-json\/wp\/v2\/pages\/29948\/revisions"}],"predecessor-version":[{"id":31707,"href":"https:\/\/cead.ualg.pt\/site\/wp-json\/wp\/v2\/pages\/29948\/revisions\/31707"}],"wp:attachment":[{"href":"https:\/\/cead.ualg.pt\/site\/wp-json\/wp\/v2\/media?parent=29948"}],"curies":[{"name":"wp","href":"https:\/\/api.w.org\/{rel}","templated":true}]}}